-3*k - 75 = -5*d, o*k + 1 = -9. What are the prime factors of d?
2, 3
Suppose -13 = -4*g + 67. Let y(a) = 3*a**3 - 2*a**2 + 2*a - 1. Let s be y(1). Suppose -3*m - s*t - 3*t = -37, 2*m = -t + g. List the prime factors of m.
3
Let g be 10/35 - (-298)/(-14). Let v be (7/g)/(1/(-12)). What are the prime factors of 1*v/(-2) + 10?
2
Suppose 6*z - 3*z = 4*t + 20, 3*t + 18 = 3*z. Suppose 0 = 3*r - 2*r + z*j + 14, -j = 5. What are the prime factors of r?
2, 3
Suppose -2*z = -46 - 50. Suppose -2*r + 47 = 5*p, 0 = 4*r + p - 73 - z. What are the prime factors of r?
31
Suppose 31 = v - 4*v + 4*j, 0 = 4*j - 16. Let x be ((-1)/(-1) - v)/2. Suppose x*n + 19 = 5*g, -g + n = -2*n + 1. What are the prime factors of g?
5
Let l be ((-6)/(-4))/((-1)/2). Suppose p - 13 = -5*f, 4*p + 0*p - 30 = 2*f. Let c = l + p. List the prime factors of c.
5
Let z(d) = 2*d + 5. Let o(l) = -4*l - 9. Let u(v) = -4*o(v) - 7*z(v). Let f be 1 + 2 + 0/2. List the prime factors of u(f).
7
Suppose -5*t + 0*t + 5 = 0. List the prime factors of ((-15)/12)/(t/(-12)).
3, 5
Let t = 5 + -5. Suppose -4*h + 17 - 5 = t. What are the prime factors of h?
3
Let r = -8 + 13. Suppose -5*j = -5, 2*j = r*t - 3*j - 55. List the prime factors of t.
2, 3
Suppose 5*n - 387 = 158. Let b = n + -76. What are the prime factors of b?
3, 11
Let y = -24 - -43. Let j(r) = 3*r**3 + r**2 + r - 2. Let d be j(2). Let f = d - y. What are the prime factors of f?
3
Let f(w) = w**3 - 4*w**2 + 3. List the prime factors of f(6).
3, 5
Let j = -249 - -168. List the prime factors of j/(-6) - (-3)/(-2).
2, 3
Let f(w) be the second derivative of 0 + 4*w + 0*w**2 - 1/2*w**3. List the prime factors of f(-4).
2, 3
Suppose 0*x + 48 = 2*c - 5*x, 0 = -5*c + 2*x + 78. Suppose -2*m + 28 = -c. Suppose a - 3*a + 3*w + m = 0, 5*a + 2*w = 81. List the prime factors of a.
3, 5
Let a = -2 + 24. Suppose 4*f - a = 230. Suppose 3*q = f - 15. List the prime factors of q.
2
Let v = 20 - 17. Suppose -m - 4*z + 25 = -0*z, -5*z = v*m - 54. List the prime factors of m.
13
Suppose -3*u + 146 = -472. What are the prime factors of u?
2, 103
Suppose t + 30 = 3*s + 128, 420 = 4*t - 5*s. Suppose 3*c = 5*f - t, 3*f - 5*c - 26 = 24. List the prime factors of f.
5
Let t = 520 - 360. List the prime factors of t.
2, 5
Suppose -7*j = -39 - 192. List the prime factors of j.
3, 11
Suppose -3*q = 2*q + 4*i + 8, -q + 3*i + 6 = 0. List the prime factors of q + 2 - -4 - -1.
7
Let g = 7 + -21. Let d = 17 + g. What are the prime factors of d?
3
Let x = 23 + -21. List the prime factors of x.
2
Suppose j - 2 = -0. Suppose 5*z + j*q + 2*q + 5 = 0, -z + 3*q = -18. Suppose 5*l = 5*y + 64 - 24, -z*y = -2*l + 11. What are the prime factors of l?
13
Suppose -2*s = 5*v - 173 - 84, 5*s + 4*v = 685. What are the prime factors of s?
3, 47
Let g = 124 + -3. List the prime factors of g.
11
Let n = 14 - 10. Suppose 3*p = n*k - p - 24, -5*k + 26 = -4*p. List the prime factors of k.
2
Let t(c) = c**3 - 3*c**2 - 5*c - 11. List the prime factors of t(7).
2, 3, 5
Let z be (-6)/9*3/2. Suppose -29 + 5 = -3*t. Let m = z + t. List the prime factors of m.
7
Let t = 4 - 5. What are the prime factors of -2*t/(-2)*-11?
11
What are the prime factors of (-94 - -1)*(-14)/21?
2, 31
Suppose -4*o = o - 35. What are the prime factors of ((-10)/7)/((-1)/o)?
2, 5
Let k = 8 + -2. Suppose 2*s - k = 5*g, 3*s - g - 14 = 4*g. List the prime factors of s.
2
Suppose 5*b + 66 = 2*x, -3*b = -8*b - 10. List the prime factors of x.
2, 7
Suppose 4*n - 3*n - 2 = 0. Suppose n*u + 0*u = -3*k + 47, 4*k - 31 = -u. List the prime factors of u.
19
Let x(i) = -25*i - 1. What are the prime factors of x(-4)?
3, 11
Let z(w) = -w + 1. Let l be z(-3). Suppose -1 = -j + l. Suppose 5*c - 70 = j*u, -5*u + 12 = -9*u. List the prime factors of c.
11
Let c = 29 - 41. What are the prime factors of 52/(-6)*c/8?
13
Suppose 4*f - 19 = 45. Suppose -2*n + f = 2*o, 2*n - 49 = -4*o - 11. Let w = 20 - o. List the prime factors of w.
3
Suppose 0*v - 4*n = -v - 46, v - 2*n + 38 = 0. Let o = 75 - 33. Let h = o + v. List the prime factors of h.
2, 3
Let v(p) = p**2 - 2*p + 1. List the prime factors of v(5).
2
Let h(m) = m**2 - 6*m - 6. Let s be h(6). Let w(r) = -5*r - 9. Let b be w(s). Suppose -4*v + 11 + b = 0. List the prime factors of v.
2
Let j be -1 + ((-16)/(-2) - 2). Suppose -4*n - 4 = -2*m - 32, -53 = -j*n - 2*m. What are the prime factors of n?
3
Suppose -2*r = -10, -13*h + 8*h - 2*r = -295. List the prime factors of h.
3, 19
Suppose 0 = 3*l - 2*t - 2*t - 312, 5*t - 231 = -2*l. What are the prime factors of l?
2, 3
Let w(c) = -c**2 + 9*c - 9. List the prime factors of w(6).
3
Let j = -21 - -31. Let p(r) = -r**2 + 9*r - 6. Let d be p(9). Let l = j + d. What are the prime factors of l?
2
Suppose 102 = 2*b + 4*w - w, 4*b + w = 204. List the prime factors of b.
3, 17
Suppose -2*v - v = 0. Suppose v*d + 8 = 4*d. List the prime factors of d.
2
Suppose 2*m = 6, 0*m = -4*k + 5*m + 85. List the prime factors of k.
5
Suppose 30 = 3*l + 2*b, 0 = -l - 4*b + 2*b + 14. Let i be (-2)/(-5) + (-27)/5. Let n = l + i. List the prime factors of n.
3
Suppose -4*d + 7*d - 78 = 0. What are the prime factors of d?
2, 13
Let m = -1 - -1. Suppose 3*w = -x + w - 24, m = 2*w + 4. Let h = -8 - x. What are the prime factors of h?
2, 3
Let w(l) be the second derivative of -2*l**3/3 - 2*l**2 + 3*l. Suppose 2*p - 4*r - 4 = -0*r, 4*r + 24 = -3*p. What are the prime factors of w(p)?
2, 3
Let a(y) = y + 33. Let t be a(0). Suppose t - 5 = 4*q + 4*b, 5*b = q - 7. What are the prime factors of q?
7
Suppose 0 = -5*g - 3*r + 1216, -r - 784 = -5*g + 424. What are the prime factors of g?
2, 11
Let m be (-21)/(-3) + 3 + -2. Let g = m - 0. List the prime factors of g.
2
Suppose 0 = -3*b + 7 + 23. Suppose b = -2*p + 44. What are the prime factors of p?
17
Suppose 23*i = 19*i + 96. List the prime factors of i.
2, 3
Let p = -9 + 5. List the prime factors of p/18 - (-1302)/27.
2, 3
Suppose 24 = 2*m - 146. Suppose 0 = u - 5*z - 26 - 21, 5*z - m = -5*u. List the prime factors of u.
2, 11
Suppose f - 14 = b - 4*b, -4*b - 5*f = -37. Suppose -l = -4*i - 42, 2*i = 2*l - b*i - 90. What are the prime factors of l?
2, 5
Let f = -5 - -13. Suppose -f - 4 = -4*q, -q + 13 = -5*d. What are the prime factors of (-4)/3*15/d?
2, 5
Let r(s) = 2*s**3 + 2*s**2 + 5*s + 4. Let p be r(-3). Let b = -28 - p. What are the prime factors of b?
19
Suppose 3*q + 12 = -9. Let w be (-6)/q*(2 + -16). Let y = 22 + w. List the prime factors of y.
2, 5
Suppose 244 = 5*b + 44. What are the prime factors of b?
2, 5
Let s(m) = 9*m - 38. List the prime factors of s(10).
2, 13
List the prime factors of (-346)/(-6) - 22/33.
3, 19
Suppose 2*f - 7*f = -50. Suppose 0 = 4*g + f - 66. What are the prime factors of g?
2, 7
Suppose -9*h + 123 + 93 = 0. What are the prime factors of h?
2, 3
Suppose 5*b - 260 = 2*a - 5*a, -3*b = a - 156. List the prime factors of b.
2, 13
What are the prime factors of 7/((-35)/(-20)) - -108?
2, 7
Let c(i) = i**2 - 4*i + 1. Suppose 2*x + 4*q = -2*x + 28, x - 3*q = -1. Let w be c(x). What are the prime factors of 39/w + (-2)/4?
2, 3
Let w(f) = -3 + 3*f**2 - 2*f + 2 - f**2. Suppose 0 = -5*v + 3*v - 2. List the prime factors of w(v).
3
Let p(b) = -b**3 - 13*b**2 + 27*b - 34. What are the prime factors of p(-15)?
11
Suppose 2*n - 25 = 5. Suppose 1 = 2*v - n. What are the prime factors of v?
2
What are the prime factors of (-8)/(-10)*(-15)/(-2)?
2, 3
Suppose 0 = 5*c + 2*t + 8, -3*c = 3*t + 9 + 3. Let m = c - -2. Suppose m*p = -3*w - 0*w - 3, p = -w. What are the prime factors of p?
3
Let j = -8 + 27. List the prime factors of j.
19
Let u = -2 - -1. Let o be 2*((-2)/(-5) - 121/(-110)). What are the prime factors of u/(-4 + o)*4?
2
Let u be 6 - 2 - (1 + 30). Let k = u + 62. List the prime factors of k.
5, 7
Let x(l) = l**3 - 7*l**2 - 5. Let f be x(7). Let m = 6 + f. Let b = m + 1. List the prime factors of b.
2
Let u be (0/2 + 0)/(-2). Let j(s) = -11*s + 5*s + s**2 + 5 + 7*s. What are the prime factors of j(u)?
5
Suppose 7*b - 2*b - 20 = 0. Suppose -q + 6 = -3*t, 2*q = -b*t + 1 + 1. Suppose -q*l + 4*f = -26, 0*f - 4*f = 5*l - 54. What are the prime factors of l?
2, 5
Let k(i) = -i**2 - 6*i - 5. Let l be k(-5). Suppose 13 = -4*f + 5*u, 0 = -l*u - 2*u + 10. What are the prime factors of f?
3
Let h = -3 - -3. Supp